)?
-28
Let u = 13879 - 13892. Let i(s) = s**3 + 12*s**2 - 14*s - 21. Give i(u).
-8
Let b = -118 - -193. Let z = -68 + b. Let n(j) = -6*j + 10. Give n(z).
-32
Let g = 21 + 8. Let q = g - 26. Let j(a) = -3 - 2*a + 0*a**3 + 15*a**q + 4. Calculate j(1).
14
Let d(r) be the first derivative of -r**5/20 + r**4/2 - 5*r**3/6 + 5*r**2/2 - 55*r + 46. Let v(y) be the first derivative of d(y). Calculate v(5).
5
Let d(a) = 3*a + 52. Suppose 2*q + 5*l = -72, -26 - 54 = 6*q - 2*l. What is d(q)?
4
Let r(v) = v**3 + 12*v**2 + 6*v + 6. Let q be r(-12). Let x = q - -71. Let f(s) = 2 + s**3 + x*s + 2 - 6 - 3*s - s**2. What is f(2)?
6
Let w(d) be the first derivative of 31*d**2/2 - 46*d + 6361. Determine w(2).
16
Let m(k) = -k**3 + 69*k**2 - 124*k - 659. Let h be m(67). Let i(q) = q**3 - 11*q**2 + 14*q - 150. Give i(h).
4
Let d = 2 + 26. Suppose -6*a = d - 64. Let v(q) = -q**2 + 5*q + 3. Calculate v(a).
-3
Let c(g) = -g**3 + 30*g**2 + 66*g - 70. Let a be c(32). Let l(u) = u**3 - 2*u**3 + 18 - 6*u**2 - 11. Calculate l(a).
7
Let n be 2/(-4)*(-420)/(-30). Let i(m) = -m**3 - 8*m**2 - 5*m + 20. Give i(n).
6
Let a(r) be the first derivative of -r**2/2 + 2*r + 2. Suppose -2*m - 5*b = -0*b - 7, 5*b - 11 = -m. Let y be (3 - (-1 - m))/(-5). What is a(y)?
2
Let g = -114 + 121. Let s(j) = j**2 - 13*j + 45. Let h be s(g). Let m(u) = u**3 - 4*u + 2. Determine m(h).
17
Let p = 86032 - 86024. Let s(w) = -w**2 + w - 1. Let n = -2 - -1. Let b(l) = -7*l**2 + 16*l - 11. Let u(k) = n*b(k) + 6*s(k). What is u(p)?
-11
Suppose 2*x + 3*f = -75, 6*x + 183 = x - 3*f. Let n = -38 - x. Let p be (n/(-4))/((-82)/16 - -5). Let t(l) = l**3 + 3*l**2 - 4*l. Give t(p).
0
Let s(c) = c - 5. Let j(q) = -2*q + 10. Let f(g) = -3*j(g) - 7*s(g). Suppose 137 = -w + 132. Give f(w).
10
Suppose -8*u - 120 - 56 = 0. Let k be (-2 + 4)*55/u. Let d(g) = -g**2 - g + 1. Let n(x) = -2*x**2 - 2*x + 6. Let o(c) = -d(c) + n(c). Calculate o(k).
-15
Let p(m) be the first derivative of -m**4/4 + 6*m**3 + 5*m**2/2 - 377*m - 1474. Determine p(17).
-3
Let o(t) = -3*t + 7*t + t**2 - 399 + 398 - 3*t + 0*t. Determine o(-3).
5
Let a(w) = 151*w + 2869. Let v be a(-19). Let c(b) = -4*b + 8. Give c(v).
8
Let a(l) = -14*l - 48. Let u(j) = 594*j - 5943. Let i be u(10). What is a(i)?
-6
Let z(c) be the first derivative of -8*c**3/3 - 2*c**2 + 3*c - 78. Let n be z(1). Let y(r) = -r**3 - 8*r**2 + 9*r - 13. Calculate y(n).
-13
Let g(j) = -3*j**3 - 29*j**2 + 25*j + 10. Let x(k) = 4*k**3 + 42*k**2 - 37*k - 16. Let u(a) = -7*g(a) - 5*x(a). Calculate u(5).
10
Let o(c) = -10*c**2 + 246 + 13*c**2 - 248 + 3*c**2. Calculate o(-2).
22
Let n be (-292)/(-657) - (86*1)/((-54)/6). Let l(r) = 12*r - 121. Calculate l(n).
-1
Let w = 201830 - 201826. Let h(b) = 13*b - 8. Let a(d) = -27*d + 17. Let y(u) = -6*a(u) - 13*h(u). Give y(w).
-26
Suppose 6*p - 36 = 42*p. Let i(h) = 6*h**2 + 4*h. Give i(p).
2
Let c be (-5 - 0) + 31/((-403)/78). Let m(o) = -9*o - 13. Let z(x) = -5*x - 7. Let q(n) = c*z(n) + 6*m(n). Determine q(-10).
-11
Let f(y) be the third derivative of -y**5/15 - y**4/24 - 5*y**3/3 - y**2 + 2085*y. Determine f(3).
-49
Let p(x) = 83*x**3 + x**2 - 3*x + 2. Let m be ((-792)/126 - -6)/((16/14)/(-4)). Give p(m).
83
Let w(d) = 3*d**2 + 10*d + 8. Suppose 0 = -4*x + 2*y, 0 = 4*x + 2*y + 15 + 9. What is w(x)?
5
Let k(u) = 3*u**2 - 9*u - 4. Let o = 8 + -14. Let z(d) = d**2 - d - 1. Let h(a) = o*z(a) + k(a). Give h(2).
-16
Let u be (-3)/30 - (3 - 855/50). Suppose -8*l + 7*l = u. Let j(f) = -f**3 - 14*f**2 + f + 18. Determine j(l).
4
Let t(h) = -3*h**2 - 31*h - 28. Let j(o) = o + 1. Let l(m) = 4*j(m) + t(m). Let x be l(-8). Let u(b) = -b**3 + b + 10. Determine u(x).
10
Let n = -28048 - -28042. Let q(c) = 6*c**2 + 39*c + 18. Determine q(n).
0
Let h(b) = 26*b**2 + 11*b + 1. Let g(r) = 40*r**2 + 9*r + 3. Let z(j) = -2*g(j) + 3*h(j). Determine z(10).
-53
Suppose -6*z - 20 = -56. Let d be z/14 + (-302)/(-14). Let j(t) = -5*t**2 + 3 + t**3 + d*t - 13*t - 10*t. What is j(5)?
-2
Let h(n) = 5*n**3 - 42*n**2 + 21*n - 9. Let b(j) = 14*j**3 - 118*j**2 + 58*j - 26. Let s(d) = 4*b(d) - 11*h(d). Let u be (-38)/(-4) - 3/(-6). Determine s(u).
5
Let r(j) = j**3 - 2*j**2 - 2*j - 9. Let i(a) = -a**3 + 4*a**2 + 3*a + 10. Let v(w) = -5*i(w) - 6*r(w). Calculate v(-5).
-56
Let j(l) = 34*l - 50. Let w(i) = 15*i - 24. Let v(u) = 3*j(u) - 7*w(u). Calculate v(8).
-6
Let t(g) = -g**2 + 2*g - 3. Let h be t(3). Suppose -5*l + 19*l = 98. Let u(m) = 0 + 3 - l - m. What is u(h)?
2
Let m = -15 - -15. Let l = -5 + m. Let q(j) be the second derivative of j**4/12 + 5*j**3/6 - 7*j**2/2 - 284*j. What is q(l)?
-7
Let p(f) = 2*f - 12. Suppose 4 = k - g, 0*g + 12 = k - 3*g. Suppose k = -6*a + 45 - 3. What is p(a)?
2
Let j(r) = -2*r**2 + 5*r - 3. Let z = -219 + 342. Let a = -120 + z. What is j(a)?
-6
Let b = 24 - 22. Let a be (32/64)/(b/32*1). Let h(x) = 2*x + 10*x**2 - a*x**2 + 3*x**2 + 1. Give h(-1).
4
Let r(v) = -v**3 - 5*v**2 + 4*v + 22. Let j be r(-5). Let a(w) = 51*w - 3 - 116*w + 61*w + w**j. Give a(-2).
9
Let o(v) = -v**2 - 5*v - 4. Suppose 5*m = 1 + 9, 3*d = -3*m - 33. Let r = -779 - -789. Let l = d + r. Determine o(l).
2
Let d(b) = 2*b - 4*b**3 + 4*b + 3*b**3 + 0*b**3 - 82 + 90 + 7*b**2. Let z(m) = 7*m + 1. Let r be z(1). What is d(r)?
-8
Let g(r) = 4*r - 1566 - 1553 + 4561 - 1516. Give g(17).
-6
Let y(c) = 23*c**2 - 8*c + 8. Let p be y(1). Let a = -19 + p. Let v(j) = 4*j - 2. Let z(q) = 3*q - 1. Let x(n) = a*v(n) - 5*z(n). Calculate x(-3).
-6
Let z(m) = -m**2 - 8*m - 2. Suppose 23*x + 79 + 59 = 0. Give z(x).
10
Let w(h) = -14*h**2 + 1. Let p be w(1). Let r = -17 - p. Let x(l) = -l**2 - l - 1. Let b(g) = 3*g**2 + g + 7. Let o(t) = b(t) + 4*x(t). Calculate o(r).
-1
Let y(o) = 4*o - 38. Suppose -4*x - 26 = -2*s, -3*x = s - 602 + 599. Calculate y(s).
-2
Let k(p) = 12*p - 13*p + 6 + 9*p + 2*p + 15*p. What is k(-4)?
-94
Let r(h) be the third derivative of h**6/120 - 7*h**5/60 - 5*h**4/12 - 4*h**3/3 + 4*h**2 + 18*h. Give r(8).
-24
Let i(f) = -596*f**3 - 592*f**3 + 4*f**2 + 1788*f**3 + 4*f - 599*f**3. Let k(h) = -2*h - 1. Let n be k(0). Let o = n + -2. Give i(o).
-3
Let s be (-54)/(-6) - (0 - 2). Suppose s*t = 18*t + 49. Let n(d) = d**2 + 6*d - 4. Calculate n(t).
3
Let o(g) = -g - 10. Suppose -4*t + 4*f = -92, 2*t + 5*f - 31 = 2*f. Suppose -t = 4*h, -4*r + 2*h = -0*r + 18. Calculate o(r).
-3
Let j(z) = z**2 + 12*z + 7. Let o(x) = x**3 + 28*x**2 + 23*x - 118. Let f be o(-27). What is j(f)?
-13
Let f(v) be the first derivative of -v**4/4 + 5*v**3/3 + v**2 + 5*v - 145. Calculate f(4).
29
Let k(t) = -23 + 44 - 22 - t**3. Suppose -2*w - 4 = -0*w. Let d be 105/70 - w/(-4)*1. What is k(d)?
-2
Let v = 90 + -50. Suppose v*z - 47*z = 399. Let m = z - -65. Let y(w) = -w**2 + 8*w + 11. Give y(m).
11
Let p(c) = -4*c. Let n(j) = -20*j - 15*j + 34*j. Let d(l) = -5*n(l) + p(l). Let k(r) = r**3 + 2*r**2 + 4*r + 2. Let o be k(-2). Calculate d(o).
-6
Let z = 14872 - 14856. Let d(r) = -44*r + 708. Give d(z).
4
Let s(m) = -11*m - 6435566 + 6435566. Give s(4).
-44
Let u(l) = l**3 - 6*l**2 + 6*l - 14. Suppose 0 = -131*r + 90*r + 164. Calculate u(r).
-22
Let o(n) = -11*n + 106. Let l be (-2 + 25/2)*((-344)/56 + 7). Determine o(l).
7
Let z(t) be the third derivative of t**6/120 - 7*t**5/60 - t**4/12 + 4*t**3/3 - 7446*t**2. Let m(o) = -2*o. Let u be m(-3). What is z(u)?
-40
Let p(n) = 3*n**2 - 5*n + 40. Let j(i) = -4*i**2 + 12*i - 43. Let f(c) = 2*j(c) + 3*p(c). Calculate f(-3).
16
Let c(s) = -7*s**2 + 34*s - 7. Let t(q) = -13*q + 2. Let z(b) = -c(b) - 5*t(b). Determine z(-5).
17
Suppose -754 = -2*d - 2*o + 592, -3*d = 5*o - 2021. Let c = d - 678. Let q(b) = b**2 + 8*b - 3. Determine q(c).
-15
Let o(d) be the first derivative of -d**3 + 1. Let g = -590 + 665. Let r be 30/g*-5 - (1 + -2). Calculate o(r).
-3
Let o(n) = 2*n + 1. Let h be -30*(88/20 + -5). Suppose -h*j + 27 = -27*j. Let f be j/15*-5*2. Calculate o(f).
5
Let w(z) = -5*z**2 - z. Let y(r) = -7*r + 14. Let n(h) = 3*h - 7. Let p(x) = -5*n(x) - 2*y(x). Suppose -12*t - 16*t = -168. Let u be p(t). Calculate w(u).
-6
Let l(r) = 8 - 140261*r**3 - 12*r + 70134*r**3 + 8*r**2 + 70126*r**3. Calculate l(5).
23
Let m(h) = 3*h - 2. Let j be m(10). Let n = -23 + j. Suppose -2 = -2*q - 4*t, n*q + 5*t - 3 = 12. Let o(x) = 3*x - 5. Give o(q).
10
Let h(b) = b**3 + 13*b**2 + 15*b